{"id":760,"date":"2012-10-07T19:54:34","date_gmt":"2012-10-07T23:54:34","guid":{"rendered":"http:\/\/irondad.fr\/?page_id=760"},"modified":"2012-10-07T19:56:55","modified_gmt":"2012-10-07T23:56:55","slug":"other-trail-races","status":"publish","type":"page","link":"https:\/\/irondad.fr\/?page_id=760","title":{"rendered":"Other trail races"},"content":{"rendered":"<p>&nbsp;<\/p>\n<h2>The North Face 50-mile Washington [juin 2010, 50 miles \/ 80km, D+++]<\/h2>\n<p><iframe loading=\"lazy\" src=\"http:\/\/connect.garmin.com:80\/activity\/embed\/35959590\" frameborder=\"0\" width=\"465\" height=\"548\"><\/iframe><\/p>\n<p>La temperature a franchi les 100 degres Fahrenheit (38 degres celsius) lors de cette course de 50 miles qui me servait de qualification pour entrer dans la lotterie de la Western State 100 Milles 2011.Tres dure a cause de la temperature, je finis en marchant, avec deux ongles de gros oreils en moins, et une tendinite qui me suivra pendant 6 mois&#8230;10h32mn, 51e au classement.<strong><\/strong><\/p>\n<h2>La Saint\u00e9Lyon [d\u00e9cembre 2007, 69km, 1300m D+]<\/h2>\n<p><img loading=\"lazy\" decoding=\"async\" src=\"http:\/\/irondad.fr\/ma_vie\/trail\/SainteLyon2007_maindru.jpg\" alt=\"SainteLyon\" width=\"285\" height=\"400\" \/><\/p>\n<p>La doyenne des trails nocturnes de 69kms, avec d\u00e9part \u00e0 minuit, entre Saint-Etienne, Loire et Lyon, Rh\u00f4ne.Finisher \u00e9dition 2007 en 8h !En parall\u00e8le Caribou participait au relais, la vid\u00e9o ici ! <a href=\"http:\/\/www.youtube.com\/watch?v=Wd5zWGDpsYE\" target=\"_blank\">http:\/\/www.youtube.com\/watch?v=Wd5zWGDpsYE <\/a><\/p>\n","protected":false},"excerpt":{"rendered":"<p>&nbsp; The North Face 50-mile Washington [juin 2010, 50 miles \/ 80km, D+++] La temperature a franchi les 100 degres [&hellip;]<\/p>\n","protected":false},"author":1,"featured_media":0,"parent":715,"menu_order":0,"comment_status":"open","ping_status":"open","template":"","meta":{"site-sidebar-layout":"default","site-content-layout":"","ast-site-content-layout":"","site-content-style":"default","site-sidebar-style":"default","ast-global-header-display":"","ast-banner-title-visibility":"","ast-main-header-display":"","ast-hfb-above-header-display":"","ast-hfb-below-header-display":"","ast-hfb-mobile-header-display":"","site-post-title":"","ast-breadcrumbs-content":"","ast-featured-img":"","footer-sml-layout":"","theme-transparent-header-meta":"","adv-header-id-meta":"","stick-header-meta":"","header-above-stick-meta":"","header-main-stick-meta":"","header-below-stick-meta":"","astra-migrate-meta-layouts":"default","ast-page-background-enabled":"default","ast-page-background-meta":{"desktop":{"background-color":"var(--ast-global-color-4)","background-image":"","background-repeat":"repeat","background-position":"center center","background-size":"auto","background-attachment":"scroll","background-type":"","background-media":"","overlay-type":"","overlay-color":"","overlay-opacity":"","overlay-gradient":""},"tablet":{"background-color":"","background-image":"","background-repeat":"repeat","background-position":"center center","background-size":"auto","background-attachment":"scroll","background-type":"","background-media":"","overlay-type":"","overlay-color":"","overlay-opacity":"","overlay-gradient":""},"mobile":{"background-color":"","background-image":"","background-repeat":"repeat","background-position":"center center","background-size":"auto","background-attachment":"scroll","background-type":"","background-media":"","overlay-type":"","overlay-color":"","overlay-opacity":"","overlay-gradient":""}},"ast-content-background-meta":{"desktop":{"background-color":"var(--ast-global-color-5)","background-image":"","background-repeat":"repeat","background-position":"center center","background-size":"auto","background-attachment":"scroll","background-type":"","background-media":"","overlay-type":"","overlay-color":"","overlay-opacity":"","overlay-gradient":""},"tablet":{"background-color":"var(--ast-global-color-5)","background-image":"","background-repeat":"repeat","background-position":"center center","background-size":"auto","background-attachment":"scroll","background-type":"","background-media":"","overlay-type":"","overlay-color":"","overlay-opacity":"","overlay-gradient":""},"mobile":{"background-color":"var(--ast-global-color-5)","background-image":"","background-repeat":"repeat","background-position":"center center","background-size":"auto","background-attachment":"scroll","background-type":"","background-media":"","overlay-type":"","overlay-color":"","overlay-opacity":"","overlay-gradient":""}},"footnotes":""},"_links":{"self":[{"href":"https:\/\/irondad.fr\/index.php?rest_route=\/wp\/v2\/pages\/760"}],"collection":[{"href":"https:\/\/irondad.fr\/index.php?rest_route=\/wp\/v2\/pages"}],"about":[{"href":"https:\/\/irondad.fr\/index.php?rest_route=\/wp\/v2\/types\/page"}],"author":[{"embeddable":true,"href":"https:\/\/irondad.fr\/index.php?rest_route=\/wp\/v2\/users\/1"}],"replies":[{"embeddable":true,"href":"https:\/\/irondad.fr\/index.php?rest_route=%2Fwp%2Fv2%2Fcomments&post=760"}],"version-history":[{"count":4,"href":"https:\/\/irondad.fr\/index.php?rest_route=\/wp\/v2\/pages\/760\/revisions"}],"predecessor-version":[{"id":767,"href":"https:\/\/irondad.fr\/index.php?rest_route=\/wp\/v2\/pages\/760\/revisions\/767"}],"up":[{"embeddable":true,"href":"https:\/\/irondad.fr\/index.php?rest_route=\/wp\/v2\/pages\/715"}],"wp:attachment":[{"href":"https:\/\/irondad.fr\/index.php?rest_route=%2Fwp%2Fv2%2Fmedia&parent=760"}],"curies":[{"name":"wp","href":"https:\/\/api.w.org\/{rel}","templated":true}]}}